{"id":5786,"date":"2016-10-12T15:49:47","date_gmt":"2016-10-12T19:49:47","guid":{"rendered":"http:\/\/127.0.0.1\/wordivi\/?page_id=5786"},"modified":"2024-12-19T11:24:32","modified_gmt":"2024-12-19T15:24:32","slug":"libre-acceso-a-la-informacion","status":"publish","type":"page","link":"https:\/\/miderec.gob.do\/transparencia\/?page_id=5786","title":{"rendered":"LIBRE ACCESO A LA INFORMACI\u00d3N P\u00daBLICA"},"content":{"rendered":"<p>[et_pb_section fb_built=&#8221;1&#8243; use_custom_gutter=&#8221;on&#8221; gutter_width=&#8221;1&#8243; specialty=&#8221;on&#8221; custom_padding_last_edited=&#8221;on|desktop&#8221; parallax_method_1=&#8221;off&#8221; parallax_method_2=&#8221;off&#8221; background_color_1=&#8221;rgba(193,193,193,0)&#8221; padding_right_1=&#8221;50px&#8221; padding_left_2=&#8221;50px&#8221; admin_label=&#8221;section&#8221; _builder_version=&#8221;4.16&#8243; background_color=&#8221;#ffffff&#8221; custom_padding=&#8221;||50px|&#8221; custom_padding_tablet=&#8221;50px|0|50px|0&#8243; custom_padding_phone=&#8221;&#8221; transparent_background=&#8221;off&#8221; padding_mobile=&#8221;off&#8221; make_fullwidth=&#8221;off&#8221; use_custom_width=&#8221;off&#8221; width_unit=&#8221;on&#8221; global_colors_info=&#8221;{}&#8221;][et_pb_column type=&#8221;1_4&#8243; _builder_version=&#8221;4.16&#8243; custom_padding=&#8221;|||&#8221; global_colors_info=&#8221;{}&#8221; custom_padding__hover=&#8221;|||&#8221;][et_pb_menu disabled_on=&#8221;on|on|off&#8221; _builder_version=&#8221;4.22.1&#8243; _module_preset=&#8221;default&#8221; global_colors_info=&#8221;{}&#8221;][\/et_pb_menu][\/et_pb_column][et_pb_column type=&#8221;3_4&#8243; specialty_columns=&#8221;3&#8243; _builder_version=&#8221;4.16&#8243; custom_padding=&#8221;|||&#8221; global_colors_info=&#8221;{}&#8221; custom_padding__hover=&#8221;|||&#8221;][et_pb_row_inner padding_mobile=&#8221;off&#8221; column_padding_mobile=&#8221;on&#8221; admin_label=&#8221;row_inner&#8221; _builder_version=&#8221;4.16&#8243; custom_padding=&#8221;55px|||&#8221; global_colors_info=&#8221;{}&#8221;][et_pb_column_inner saved_specialty_column_type=&#8221;3_4&#8243; _builder_version=&#8221;4.16&#8243; custom_padding=&#8221;|||&#8221; global_colors_info=&#8221;{}&#8221; custom_padding__hover=&#8221;|||&#8221;][et_pb_text admin_label=&#8221;Texto&#8221; _builder_version=&#8221;4.16&#8243; background_size=&#8221;initial&#8221; background_position=&#8221;top_left&#8221; background_repeat=&#8221;repeat&#8221; use_border_color=&#8221;off&#8221; border_color=&#8221;#ffffff&#8221; border_style=&#8221;solid&#8221; global_colors_info=&#8221;{}&#8221;]<\/p>\n<ul class=\"breadcrumb-migas\">\n<li class=\"active\"><span style=\"color: #000000;\"><span style=\"font-family: verdana, geneva, sans-serif;\">Est\u00e1 aqu\u00ed: <\/span><span style=\"font-family: verdana, geneva, sans-serif;\"><a style=\"color: #000000;\" href=\"https:\/\/miderec.gob.do\/transparencia\/\" rel=\"nofollow\">Inicio<\/a><\/span><span style=\"font-family: verdana, geneva, sans-serif;\">\u00a0<\/span><span style=\"font-family: verdana, geneva, sans-serif;\"><span class=\"divider\">\/ <a href=\"https:\/\/miderec.gob.do\/transparencia\/index.php\/libre-acceso-a-la-informacion\/\" style=\"color: #000000;\">OAI<\/a><\/span><\/span><\/span><\/li>\n<\/ul>\n<p style=\"text-align: center;\">[\/et_pb_text][et_pb_text admin_label=&#8221;Texto&#8221; _builder_version=&#8221;4.16&#8243; text_line_height=&#8221;1.8em&#8221; background_size=&#8221;initial&#8221; background_position=&#8221;top_left&#8221; background_repeat=&#8221;repeat&#8221; text_orientation=&#8221;justified&#8221; custom_margin=&#8221;20px||&#8221; custom_padding=&#8221;||32px&#8221; border_width_top=&#8221;1px&#8221; border_style_top=&#8221;dotted&#8221; border_width_bottom=&#8221;1px&#8221; border_style_bottom=&#8221;dotted&#8221; border_style=&#8221;solid&#8221; global_colors_info=&#8221;{}&#8221;]<\/p>\n<h3 style=\"text-align: left;\"><div class=\"printfriendly pf-button  pf-alignleft\">\n                    <a href=\"https:\/\/miderec.gob.do\/transparencia\/?page_id=5786&#038;pfstyle=wp\" rel=\"nofollow\" onclick=\"\" title=\"Printer Friendly, PDF & Email\">\n                    <img decoding=\"async\" class=\"pf-button-img\" src=\"https:\/\/cdn.printfriendly.com\/buttons\/printfriendly-pdf-email-button-notext.png\" alt=\"Print Friendly, PDF & Email\" style=\"width: 110px;height: 30px;\"  \/>\n                    <\/a>\n                <\/div><\/h3>\n<p>[\/et_pb_text][et_pb_text admin_label=&#8221;Texto&#8221; _builder_version=&#8221;4.16&#8243; text_line_height=&#8221;1.8em&#8221; custom_margin=&#8221;||25px|&#8221; border_style=&#8221;solid&#8221; global_colors_info=&#8221;{}&#8221;]<\/p>\n<div class=\"page-header\" style=\"text-align: justify;\">\n<h1 style=\"text-align: left;\"><span style=\"font-family: verdana, geneva, sans-serif; color: #000000; font-size: 14pt;\"><strong>LIBRE ACCESO A LA INFORMACI\u00d3N P\u00daBLICA<\/strong><\/span><\/h1>\n<hr \/>\n<table>\n<tbody>\n<tr>\n<td>\n<p style=\"text-align: justify;\"><span>La Oficina de Acceso a la Informaci\u00f3n (OAI), es un mandato de la Ley General de Libre Acceso a la Informaci\u00f3n P\u00fablica No. 200-04 y el Decreto No. 130-05 que crea el reglamento de dicha ley, con el objetivo de apoyar a entidades y personas tanto p\u00fablicas como privadas mediante las informaciones solicitadas.<\/span><\/p>\n<p style=\"text-align: justify;\"><span><strong>Visi\u00f3n<\/strong><\/span><\/p>\n<p style=\"text-align: justify;\"><span> Dar sost\u00e9n a los valores de honestidad, integridad, eficiencia, eficacia, calidad y trabajo en equipo del Ministerio de Deportes, apoyando as\u00ed los esfuerzos de transparencia institucional.<\/span><\/p>\n<p style=\"text-align: justify;\"><span><strong>Misi\u00f3n<\/strong><\/span><\/p>\n<p style=\"text-align: justify;\"><span> Garantizar el acceso de los usuarios a la informaci\u00f3n sobre la gesti\u00f3n del Ministerio de Deportes como una forma de validar la transparencia de la instituci\u00f3n.<\/span><\/p>\n<p style=\"text-align: justify;\"><span><strong>Definici\u00f3n RAI<\/strong><\/span><\/p>\n<p style=\"text-align: justify;\"><span> El responsable de Acceso a la Informaci\u00f3n, es el responsable de tramitar y facilitar las informaciones requeridas y de ser el canal de comunicaci\u00f3n entre la instituci\u00f3n, ciudadanos y ciudadanas.<\/span><\/p>\n<p style=\"text-align: justify;\"><span><strong>Proceso de Solicitud de Informaci\u00f3n:<\/strong><\/span><\/p>\n<p style=\"text-align: justify;\"><span>\u2022 Completar el formulario de solicitud de informaci\u00f3n.<\/span><\/p>\n<p style=\"text-align: justify;\"><span>\u2022 Se procede a la revisi\u00f3n de dicho documento con la finalidad de verificar que est\u00e1 debidamente completada.<\/span><\/p>\n<p style=\"text-align: justify;\"><span>\u2022 Se hace entrega de acuse de la solicitud al solicitante.<\/span><\/p>\n<p style=\"text-align: justify;\"><span>\u2022 Seg\u00fan la complejidad de la informaci\u00f3n, se asigna una fecha de entrega.<\/span><\/p>\n<p style=\"text-align: justify;\"><span>\u2022 En caso de no ser el Ministerio de Deportes la entidad competente para ofrecer la informaci\u00f3n requerida, dicha solicitud se refiere a la instituci\u00f3n correspondiente y se le informa al solicitante, el curso que ha tomado su solicitud y la instituci\u00f3n destinataria.<\/span><\/p>\n<p style=\"text-align: justify;\"><span>\u2022 Seguimiento de la(s) solicitud(es) hasta confirmar que se ha suministrado la informaci\u00f3n.<\/span><\/p>\n<p style=\"text-align: justify;\"><span> RAI (Responsable del Acceso a la Informaci\u00f3n)<\/span><\/p>\n<hr \/>\n<p style=\"text-align: justify;\"><span><strong>Encargado:<\/strong><\/span><\/p>\n<p style=\"text-align: justify;\"><span><strong>Lic. F\u00e9lix Manuel Gonz\u00e1lez Susana\u00a0<\/strong><\/span><\/p>\n<p><a href=\"mailto:fgonzalez@miderec.gob.do\">fgonzalez@miderec.gob.do<\/a>\u00a0<\/p>\n<p>&nbsp;<\/p>\n<p style=\"text-align: justify;\"><span> Ministerio de Deportes y Recreaci\u00f3n<\/span><\/p>\n<p style=\"text-align: justify;\"><span> Ave. 27 de Febrero, Centro Ol\u00edmpico Juan Pablo Duarte<\/span><\/p>\n<p style=\"text-align: justify;\"><span> Tel.: 809-540-4010, ext. 1011\/1012\/1013.<\/span><\/p>\n<\/td>\n<\/tr>\n<\/tbody>\n<\/table>\n<\/div>\n<p style=\"text-align: center;\">\n<p>[\/et_pb_text][\/et_pb_column_inner][\/et_pb_row_inner][et_pb_row_inner admin_label=&#8221;Fila&#8221; _builder_version=&#8221;4.16&#8243; background_size=&#8221;initial&#8221; background_position=&#8221;top_left&#8221; background_repeat=&#8221;repeat&#8221; global_colors_info=&#8221;{}&#8221;][et_pb_column_inner saved_specialty_column_type=&#8221;3_4&#8243; _builder_version=&#8221;4.16&#8243; custom_padding=&#8221;|||&#8221; global_colors_info=&#8221;{}&#8221; custom_padding__hover=&#8221;|||&#8221;][et_pb_image src=&#8221;http:\/\/miderec.gob.do\/wp-content\/uploads\/2016\/10\/adobe-ready.png&#8221; alt=&#8221;Lector de PDF&#8221; title_text=&#8221;Lector de PDF&#8221; url=&#8221;https:\/\/get.adobe.com\/es\/reader\/&#8221; url_new_window=&#8221;on&#8221; align_tablet=&#8221;center&#8221; align_phone=&#8221;center&#8221; align_last_edited=&#8221;on|desktop&#8221; admin_label=&#8221;Imagen&#8221; _builder_version=&#8221;4.16&#8243; animation_style=&#8221;slide&#8221; animation_direction=&#8221;left&#8221; animation_duration=&#8221;500ms&#8221; animation_intensity_slide=&#8221;10%&#8221; use_border_color=&#8221;off&#8221; border_color=&#8221;#ffffff&#8221; border_style=&#8221;solid&#8221; animation=&#8221;left&#8221; sticky=&#8221;off&#8221; global_colors_info=&#8221;{}&#8221;][\/et_pb_image][\/et_pb_column_inner][\/et_pb_row_inner][\/et_pb_column][\/et_pb_section]<\/p>\n","protected":false},"excerpt":{"rendered":"<p>Est\u00e1 aqu\u00ed: Inicio\u00a0\/ OAI <div class=\"printfriendly pf-button  pf-alignleft\">\n                    <a href=\"https:\/\/miderec.gob.do\/transparencia\/?page_id=5786&#038;pfstyle=wp\" rel=\"nofollow\" onclick=\"\" title=\"Printer Friendly, PDF & Email\">\n                    <img decoding=\"async\" class=\"pf-button-img\" src=\"https:\/\/cdn.printfriendly.com\/buttons\/printfriendly-pdf-email-button-notext.png\" alt=\"Print Friendly, PDF & Email\" style=\"width: 110px;height: 30px;\"  \/>\n                    <\/a>\n                <\/div> LIBRE ACCESO A LA INFORMACI\u00d3N P\u00daBLICA La Oficina de Acceso a la Informaci\u00f3n (OAI), es un mandato de la Ley General de Libre Acceso a la Informaci\u00f3n P\u00fablica No. 200-04 y el Decreto No. 130-05 que crea el reglamento de dicha ley, con el objetivo de apoyar a entidades y [&hellip;]<\/p>\n","protected":false},"author":1,"featured_media":0,"parent":0,"menu_order":0,"comment_status":"closed","ping_status":"closed","template":"","meta":{"_et_pb_use_builder":"on","_et_pb_old_content":"","_et_gb_content_width":"","_monsterinsights_skip_tracking":false,"_monsterinsights_sitenote_active":false,"_monsterinsights_sitenote_note":"","_monsterinsights_sitenote_category":0,"footnotes":""},"class_list":["post-5786","page","type-page","status-publish","hentry"],"_links":{"self":[{"href":"https:\/\/miderec.gob.do\/transparencia\/index.php?rest_route=\/wp\/v2\/pages\/5786","targetHints":{"allow":["GET"]}}],"collection":[{"href":"https:\/\/miderec.gob.do\/transparencia\/index.php?rest_route=\/wp\/v2\/pages"}],"about":[{"href":"https:\/\/miderec.gob.do\/transparencia\/index.php?rest_route=\/wp\/v2\/types\/page"}],"author":[{"embeddable":true,"href":"https:\/\/miderec.gob.do\/transparencia\/index.php?rest_route=\/wp\/v2\/users\/1"}],"replies":[{"embeddable":true,"href":"https:\/\/miderec.gob.do\/transparencia\/index.php?rest_route=%2Fwp%2Fv2%2Fcomments&post=5786"}],"version-history":[{"count":4,"href":"https:\/\/miderec.gob.do\/transparencia\/index.php?rest_route=\/wp\/v2\/pages\/5786\/revisions"}],"predecessor-version":[{"id":28096,"href":"https:\/\/miderec.gob.do\/transparencia\/index.php?rest_route=\/wp\/v2\/pages\/5786\/revisions\/28096"}],"wp:attachment":[{"href":"https:\/\/miderec.gob.do\/transparencia\/index.php?rest_route=%2Fwp%2Fv2%2Fmedia&parent=5786"}],"curies":[{"name":"wp","href":"https:\/\/api.w.org\/{rel}","templated":true}]}}